{"id":1009,"date":"2021-11-09T23:42:15","date_gmt":"2021-11-09T23:42:15","guid":{"rendered":"https:\/\/elizabeth-desiderio.ar\/?page_id=1009"},"modified":"2025-09-17T13:23:49","modified_gmt":"2025-09-17T13:23:49","slug":"tameana-sanacion-con-cristales","status":"publish","type":"page","link":"https:\/\/elizabeth-desiderio.ar\/?page_id=1009","title":{"rendered":"TAMEANA: Sanaci\u00f3n con Cristales"},"content":{"rendered":"<div class=\"wp-block-image\">\n<figure class=\"aligncenter size-full\"><img loading=\"lazy\" decoding=\"async\" width=\"500\" height=\"500\" src=\"https:\/\/elizabeth-desiderio.ar\/wp-content\/uploads\/2022\/09\/WhatsApp-Image-2022-09-06-at-19.26.48.jpeg\" alt=\"\" class=\"wp-image-1126\" srcset=\"https:\/\/elizabeth-desiderio.ar\/wp-content\/uploads\/2022\/09\/WhatsApp-Image-2022-09-06-at-19.26.48.jpeg 500w, https:\/\/elizabeth-desiderio.ar\/wp-content\/uploads\/2022\/09\/WhatsApp-Image-2022-09-06-at-19.26.48-300x300.jpeg 300w, https:\/\/elizabeth-desiderio.ar\/wp-content\/uploads\/2022\/09\/WhatsApp-Image-2022-09-06-at-19.26.48-150x150.jpeg 150w, https:\/\/elizabeth-desiderio.ar\/wp-content\/uploads\/2022\/09\/WhatsApp-Image-2022-09-06-at-19.26.48-100x100.jpeg 100w\" sizes=\"auto, (max-width: 500px) 100vw, 500px\" \/><\/figure><\/div>\n\n\n<ul style=\"color:#5d7589\" class=\"wp-block-list has-text-color\">\n<li>Descripci\u00f3n<\/li>\n<\/ul>\n\n\n\n<h2 class=\"wp-block-heading\">Sanacion TAMEANA (pack de 3 sesiones)<\/h2>\n\n\n\n<p class=\"has-text-color has-medium-font-size\" style=\"color:#5d7589\">Juan Manuel Giordano canaliz\u00f3 tecnolog\u00edas pleyadianas como Tameana, MA\u2019AT, Human Vortex, P\u00dcJ\u00c4 y H\u2019ama. Todas sanan exponiendo nuestro cuerpo a una elevada vibracion para poder liberar todo aquello que, en nosotros, actualmente vibraba m\u00e1s bajo.<\/p>\n\n\n\n<p class=\"has-text-color has-medium-font-size\" style=\"color:#5d7589\">En este caso, la&nbsp;<strong>sanacion&nbsp;<\/strong><strong>TAMEANA<\/strong>&nbsp;(tambi\u00e9n llamada S<em>alush Nah\u00ed<\/em>) es un trabajo profundo y movilizante en todos los aspectos del Ser, abriendo nuestro interior y limpiando todo aquello que nos imped\u00eda profundizar en \u00e9l . En esta sesi\u00f3n se usar\u00e1n cristales de cuarzo para elevar nuestra vibraci\u00f3n en cada chakra y se dispondr\u00e1n en forma triangular, para elevar la vibraci\u00f3n del espacio que contiene dicha forma geom\u00e9trica.<\/p>\n\n\n\n<p class=\"has-text-color has-medium-font-size\" style=\"color:#5d7589\">Una&nbsp;<strong>sanacion&nbsp;<\/strong><strong>TAMEANA<\/strong>&nbsp;consta de 3 sesiones de sanaci\u00f3n, en las que se liberan todos los bloqueos que nos imped\u00edan acceder a nuestra luz interior. Es por ello que este producto consta del pack completo de sesiones que realizan una sanaci\u00f3n completa de&nbsp;<strong>TAMEANA.<\/strong><\/p>\n\n\n\n<h2 class=\"wp-block-heading\">Beneficios<\/h2>\n\n\n\n<ul style=\"color:#5d7589\" class=\"wp-block-list has-text-color\">\n<li>Desbloqueo de angustias y depresiones ya que act\u00faa en el origen del desequilibrio.<\/li>\n\n\n\n<li>Liberaci\u00f3n de cargas negativas y emocionales.<\/li>\n\n\n\n<li>Genera limpieza y armonizaci\u00f3n de chakras.<\/li>\n\n\n\n<li>Activaci\u00f3n de dones y potenciales.<\/li>\n\n\n\n<li>Eleva el nivel de consciencia.<\/li>\n\n\n\n<li>Apacigua dolores f\u00edsicos.<\/li>\n\n\n\n<li>Fortalece la autoestima a trav\u00e9s de la armonizaci\u00f3n integral profunda de todo el sistema energ\u00e9tico.<\/li>\n\n\n\n<li>Sanaci\u00f3n de patrones des arm\u00f3nicos del pasado, presente y futuro.<\/li>\n\n\n\n<li>Activa el funcionamiento de los \u00f3rganos y sistemas del cuerpo.<\/li>\n\n\n\n<li>Incrementa la energ\u00eda vital, ayudando a reestablecer una mejor calidad en salud y bienestar diario.<\/li>\n<\/ul>\n\n\n\n<h2 class=\"wp-block-heading\">ANTES DE LA SESI\u00d3N DE SANACI\u00d3N TAMEANA<\/h2>\n\n\n\n<p class=\"has-text-color has-medium-font-size\" style=\"color:#5d7589\">Estas son las dudas m\u00e1s comunes antes de una sesi\u00f3n.<\/p>\n\n\n\n<h3 class=\"wp-block-heading\">\u00bfNecesito traer algo la sesi\u00f3n?<\/h3>\n\n\n\n<p class=\"has-text-color has-medium-font-size\" style=\"color:#5d7589\">S\u00ed, traiga un&nbsp;<strong>vaso de agua<\/strong>&nbsp;(que colocar\u00e1 cerca de usted) y una&nbsp;<strong>s\u00e1bana o mantita<\/strong>&nbsp;para taparse durante la sesi\u00f3n (para que no se enfr\u00ede durante la misma)<\/p>\n\n\n\n<h3 class=\"wp-block-heading\">\u00bfCu\u00e1ntas sesiones debo realizar?<\/h3>\n\n\n\n<p class=\"has-text-color has-medium-font-size\" style=\"color:#5d7589\">Una&nbsp;<strong>sanaci\u00f3n TAMEANA&nbsp;<\/strong>completa consta de&nbsp;<strong>TRES SESIONES<\/strong>. Este producto ya contiene el derecho a realizar las 3 sesiones. Quedaremos en 3 d\u00edas distintos, dejando una semana entre ellos. De modo que, realizaremos la primera sesi\u00f3n un d\u00eda de la semana, la segunda sesi\u00f3n la realizaremos el mismo d\u00eda en la semana siguiente, y la \u00faltima sesi\u00f3n se realizar\u00e1 el mismo d\u00eda una semana m\u00e1s tarde.<\/p>\n\n\n\n<h2 class=\"wp-block-heading\">DURANTE LA SESI\u00d3N&nbsp;DE SANACI\u00d3N TAMEANA<\/h2>\n\n\n\n<p class=\"has-text-color has-medium-font-size\" style=\"color:#5d7589\">Estas son las dudas m\u00e1s comunes sobre la sesi\u00f3n.<\/p>\n\n\n\n<h3 class=\"wp-block-heading\">\u00bfC\u00f3mo es la sesi\u00f3n?<\/h3>\n\n\n\n<p class=\"has-text-color has-medium-font-size\" style=\"color:#5d7589\">La sesi\u00f3n se realiza de forma<strong> presencial<\/strong> u <strong>&nbsp;online<\/strong> , para esta ultima modalidad elegiremos la forma de videoconferencia que m\u00e1s nos guste para comunicarnos (zoom, skype, whatsapp, \u2026.)<\/p>\n\n\n\n<p class=\"has-text-color has-medium-font-size\" style=\"color:#5d7589\">Mientras se realiza la sanaci\u00f3n usted estar\u00e1 relajada y acostado en una estancia tranquila en la que nadie le moleste. Por tanto, rel\u00e1jese y disfrute del momento.<\/p>\n\n\n\n<h3 class=\"wp-block-heading\">Pasos que se realizan en la sesi\u00f3n online<\/h3>\n\n\n\n<p class=\"has-text-color has-medium-font-size\" style=\"color:#5d7589\">1- Conectaremos y repasaremos que tiene el agua y la manta con usted.<br>2- Usted se acostar\u00e1 para poder recibir la sesi\u00f3n<br>3- El sanador realiza la sesi\u00f3n<br>4- Cuando finalice la sesi\u00f3n el sanador le avisar\u00e1 la finalizaci\u00f3n de la misma.<\/p>\n\n\n\n<h3 class=\"wp-block-heading\">\u00bfDuraci\u00f3n de la sesi\u00f3n de sanacion TAMEANA?<\/h3>\n\n\n\n<p class=\"has-text-color has-medium-font-size\" style=\"color:#5d7589\"><strong>60 minutos<\/strong>&nbsp;aproximadamente<\/p>\n\n\n\n<h2 class=\"wp-block-heading\">DESPU\u00c9S LA SESION&nbsp;DE SANACI\u00d3N TAMEANA<\/h2>\n\n\n\n<p class=\"has-text-color has-medium-font-size\" style=\"color:#5d7589\">Estas son las dudas m\u00e1s comunes que se tienen una vez finalizada la sesi\u00f3n.<\/p>\n\n\n\n<h3 class=\"wp-block-heading\">\u00bfCada cu\u00e1nto puedo realizarme este tipo de sesi\u00f3n?<\/h3>\n\n\n\n<p class=\"has-text-color has-medium-font-size\" style=\"color:#5d7589\">Una&nbsp;<strong>sanaci\u00f3n TAMEANA<\/strong>&nbsp;completa se puede realizar&nbsp;<strong>cada 15 d\u00edas<\/strong>.<\/p>\n\n\n\n<h3 class=\"wp-block-heading\">\u00bfQu\u00e9 cosas puedo sentir despu\u00e9s de la sesi\u00f3n?<\/h3>\n\n\n\n<p class=\"has-text-color has-medium-font-size\" style=\"color:#5d7589\">La sesi\u00f3n suele ser movilizadora en nuestro interior. Se recomienda no tomar grandes decisiones mientras se est\u00e1 recibiendo la sanaci\u00f3n, mejor, si se puede, tomar decisiones una vez acabemos la&nbsp;<strong>sanaci\u00f3n TAMEANA.<\/strong><\/p>\n\n\n\n<p class=\"has-white-background-color has-background has-medium-font-size\"><strong>Solicita tu sesi\u00f3n presencial o a distancia!!!<\/strong><\/p>\n\n\n\n<div class=\"wp-block-buttons is-content-justification-center is-layout-flex wp-container-core-buttons-is-layout-16018d1d wp-block-buttons-is-layout-flex\">\n<div class=\"wp-block-button is-style-fill\"><a class=\"wp-block-button__link has-luminous-vivid-amber-background-color has-background wp-element-button\" href=\"https:\/\/elizabeth-desiderio.ar\/?page_id=1035\" target=\"_blank\" rel=\"noreferrer noopener\">\u00bfQueres saber qu\u00e9 es la Crisis de sanaci\u00f3n?<\/a><\/div>\n<\/div>\n\n\n\n<p><\/p>\n","protected":false},"excerpt":{"rendered":"<p>Sanacion TAMEANA (pack de 3 sesiones) Juan Manuel Giordano canaliz\u00f3 tecnolog\u00edas pleyadianas como Tameana, MA\u2019AT, Human Vortex, P\u00dcJ\u00c4 y H\u2019ama. Todas sanan exponiendo nuestro cuerpo a una elevada vibracion para poder liberar todo aquello que, en nosotros, actualmente vibraba m\u00e1s bajo. En este caso, la&nbsp;sanacion&nbsp;TAMEANA&nbsp;(tambi\u00e9n llamada Salush Nah\u00ed) es un trabajo profundo y movilizante en&hellip; <br \/> <a class=\"read-more\" href=\"https:\/\/elizabeth-desiderio.ar\/?page_id=1009\">Leer m\u00e1s<\/a><\/p>\n","protected":false},"author":1,"featured_media":0,"parent":0,"menu_order":0,"comment_status":"closed","ping_status":"closed","template":"","meta":{"om_disable_all_campaigns":false,"_monsterinsights_skip_tracking":false,"_monsterinsights_sitenote_active":false,"_monsterinsights_sitenote_note":"","_monsterinsights_sitenote_category":0,"footnotes":""},"class_list":["post-1009","page","type-page","status-publish","hentry"],"aioseo_notices":[],"_links":{"self":[{"href":"https:\/\/elizabeth-desiderio.ar\/index.php?rest_route=\/wp\/v2\/pages\/1009","targetHints":{"allow":["GET"]}}],"collection":[{"href":"https:\/\/elizabeth-desiderio.ar\/index.php?rest_route=\/wp\/v2\/pages"}],"about":[{"href":"https:\/\/elizabeth-desiderio.ar\/index.php?rest_route=\/wp\/v2\/types\/page"}],"author":[{"embeddable":true,"href":"https:\/\/elizabeth-desiderio.ar\/index.php?rest_route=\/wp\/v2\/users\/1"}],"replies":[{"embeddable":true,"href":"https:\/\/elizabeth-desiderio.ar\/index.php?rest_route=%2Fwp%2Fv2%2Fcomments&post=1009"}],"version-history":[{"count":8,"href":"https:\/\/elizabeth-desiderio.ar\/index.php?rest_route=\/wp\/v2\/pages\/1009\/revisions"}],"predecessor-version":[{"id":1411,"href":"https:\/\/elizabeth-desiderio.ar\/index.php?rest_route=\/wp\/v2\/pages\/1009\/revisions\/1411"}],"wp:attachment":[{"href":"https:\/\/elizabeth-desiderio.ar\/index.php?rest_route=%2Fwp%2Fv2%2Fmedia&parent=1009"}],"curies":[{"name":"wp","href":"https:\/\/api.w.org\/{rel}","templated":true}]}}