{"id":1484,"date":"2025-09-20T01:59:44","date_gmt":"2025-09-20T01:59:44","guid":{"rendered":"https:\/\/elizabeth-desiderio.ar\/?page_id=1484"},"modified":"2025-09-20T01:59:45","modified_gmt":"2025-09-20T01:59:45","slug":"acupuntura-japonesa","status":"publish","type":"page","link":"https:\/\/elizabeth-desiderio.ar\/?page_id=1484","title":{"rendered":"Acupuntura Japonesa"},"content":{"rendered":"\n<h2 class=\"wp-block-heading has-text-color has-link-color has-medium-font-size wp-elements-6186aa62f29d16ad6a9589af1371b541\" style=\"color:#5d7589\">Un arte suave y profundo de sanaci\u00f3n<\/h2>\n\n\n\n<p class=\"has-text-color has-link-color has-medium-font-size wp-elements-1b986bd44f34a659c14e5232b8c4eedd\" style=\"color:#5d7589\">La acupuntura japonesa es una rama \u00fanica dentro de la medicina tradicional que se distingue por su <strong>delicadeza, precisi\u00f3n y profundo respeto por el paciente<\/strong>. A diferencia de otros estilos m\u00e1s conocidos, este m\u00e9todo utiliza agujas ultrafinas y t\u00e9cnicas de inserci\u00f3n casi imperceptibles, lo que lo convierte en una experiencia c\u00f3moda incluso para quienes nunca se han atrevido a probar la acupuntura.<\/p>\n\n\n\n<p class=\"has-text-color has-link-color has-medium-font-size wp-elements-77f2e92982ca73ce6668ec21dad15bbe\" style=\"color:#5d7589\">Lo que realmente la hace especial es su <strong>enfoque centrado en la palpaci\u00f3n y el diagn\u00f3stico por el tacto<\/strong>. Antes de colocar una aguja, el terapeuta eval\u00faa cuidadosamente el abdomen y otras \u00e1reas clave, identificando los desequilibrios energ\u00e9ticos de manera personalizada. De esta forma, cada sesi\u00f3n se adapta a las necesidades \u00fanicas de cada persona, sin protocolos r\u00edgidos ni tratamientos estandarizados.<\/p>\n\n\n\n<p class=\"has-text-color has-link-color has-medium-font-size wp-elements-b23f051f9db82f8011542e9274db983c\" style=\"color:#5d7589\">Adem\u00e1s de las agujas, la acupuntura japonesa integra t\u00e9cnicas complementarias como la <strong>moxibusti\u00f3n<\/strong> (aplicaci\u00f3n de calor con hierba artemisa) para potenciar los efectos del tratamiento, mejorar la circulaci\u00f3n y estimular la vitalidad del cuerpo.<\/p>\n\n\n\n<h3 class=\"wp-block-heading has-text-color has-link-color has-medium-font-size wp-elements-5d337e4119f3db22654b5ef2f46e268e\" style=\"color:#5d7589\">Beneficios de la acupuntura japonesa<\/h3>\n\n\n\n<p class=\"has-text-color has-link-color has-medium-font-size wp-elements-b628ccb29cbe518ee720e78f88a39f1f\" style=\"color:#5d7589\">Este enfoque suave puede ayudarte a:<\/p>\n\n\n\n<ul class=\"wp-block-list\">\n<li class=\"has-text-color has-link-color has-medium-font-size wp-elements-48d7053ab90417885cdf1351759d86e2\" style=\"color:#5d7589\">Aliviar dolores musculares, articulares y cr\u00f3nicos.<\/li>\n\n\n\n<li class=\"has-text-color has-link-color has-medium-font-size wp-elements-e74f7c08bab2ebeaa477fbb9c0864ff0\" style=\"color:#5d7589\">Reducir el estr\u00e9s, la ansiedad y mejorar el sue\u00f1o.<\/li>\n\n\n\n<li class=\"has-text-color has-link-color has-medium-font-size wp-elements-987849b7206a7435c997cc384e0d01ee\" style=\"color:#5d7589\">Favorecer la digesti\u00f3n y aliviar molestias gastrointestinales.<\/li>\n\n\n\n<li class=\"has-text-color has-link-color has-medium-font-size wp-elements-1fc11301d2b858ff55d8413a7e4c54bf\" style=\"color:#5d7589\">Acompa\u00f1ar procesos femeninos como menstruaci\u00f3n, menopausia o fertilidad.<\/li>\n\n\n\n<li class=\"has-text-color has-link-color has-medium-font-size wp-elements-6b2753fc9b7592826e2de6d819d2b8cc\" style=\"color:#5d7589\">Reforzar la energ\u00eda vital y prevenir desequilibrios futuros.<\/li>\n<\/ul>\n\n\n\n<h3 class=\"wp-block-heading has-text-color has-link-color has-medium-font-size wp-elements-c1a977e85e433283a6b4eeee2a72bcaa\" style=\"color:#5d7589\">Una experiencia distinta<\/h3>\n\n\n\n<p class=\"has-text-color has-link-color has-medium-font-size wp-elements-725ac3d00a8fa6fca02d705b6c3488e9\" style=\"color:#5d7589\">Muchas personas describen su primera sesi\u00f3n como una sorpresa: las agujas son tan finas y la t\u00e9cnica tan delicada que apenas se sienten. Durante el tratamiento, es habitual experimentar una sensaci\u00f3n de <strong>profunda relajaci\u00f3n<\/strong>, hasta el punto de que algunos pacientes se quedan dormidos.<\/p>\n\n\n\n<p class=\"has-text-color has-link-color has-medium-font-size wp-elements-21147eee0cafe50c7f1421718a9f032b\" style=\"color:#5d7589\">La filosof\u00eda japonesa de la acupuntura se basa en la idea de que <strong>menos es m\u00e1s<\/strong>: peque\u00f1as intervenciones, muy precisas, pueden producir cambios profundos y duraderos en la salud y el bienestar.<\/p>\n\n\n\n<h3 class=\"wp-block-heading has-text-color has-link-color has-medium-font-size wp-elements-104a42d15d70ba5810fc591dbb159279\" style=\"color:#5d7589\">Descubre este arte de sanaci\u00f3n<\/h3>\n\n\n\n<p class=\"has-text-color has-link-color has-medium-font-size wp-elements-eae4353dd15a7ce5300ed62ed87a7358\" style=\"color:#5d7589\">Si buscas un enfoque <strong>respetuoso, efectivo y adaptado a tu sensibilidad<\/strong>, la acupuntura japonesa puede ser el camino ideal para ti.<\/p>\n\n\n\n<p class=\"has-text-align-center has-white-background-color has-text-color has-background has-link-color has-medium-font-size wp-elements-988383fd2a5f18194ad2f6b4080bb80e\" style=\"color:#5d7589\">Te invito a reservar una sesi\u00f3n y experimentar c\u00f3mo este m\u00e9todo ancestral, con siglos de historia y refinamiento, puede ayudarte a recuperar el equilibrio y conectar con tu energ\u00eda vital.<\/p>\n\n\n\n<p><\/p>\n","protected":false},"excerpt":{"rendered":"<p>Un arte suave y profundo de sanaci\u00f3n La acupuntura japonesa es una rama \u00fanica dentro de la medicina tradicional que se distingue por su delicadeza, precisi\u00f3n y profundo respeto por el paciente. A diferencia de otros estilos m\u00e1s conocidos, este m\u00e9todo utiliza agujas ultrafinas y t\u00e9cnicas de inserci\u00f3n casi imperceptibles, lo que lo convierte en&hellip; <br \/> <a class=\"read-more\" href=\"https:\/\/elizabeth-desiderio.ar\/?page_id=1484\">Leer m\u00e1s<\/a><\/p>\n","protected":false},"author":1,"featured_media":0,"parent":0,"menu_order":0,"comment_status":"closed","ping_status":"closed","template":"","meta":{"om_disable_all_campaigns":false,"_monsterinsights_skip_tracking":false,"_monsterinsights_sitenote_active":false,"_monsterinsights_sitenote_note":"","_monsterinsights_sitenote_category":0,"footnotes":""},"class_list":["post-1484","page","type-page","status-publish","hentry"],"aioseo_notices":[],"_links":{"self":[{"href":"https:\/\/elizabeth-desiderio.ar\/index.php?rest_route=\/wp\/v2\/pages\/1484","targetHints":{"allow":["GET"]}}],"collection":[{"href":"https:\/\/elizabeth-desiderio.ar\/index.php?rest_route=\/wp\/v2\/pages"}],"about":[{"href":"https:\/\/elizabeth-desiderio.ar\/index.php?rest_route=\/wp\/v2\/types\/page"}],"author":[{"embeddable":true,"href":"https:\/\/elizabeth-desiderio.ar\/index.php?rest_route=\/wp\/v2\/users\/1"}],"replies":[{"embeddable":true,"href":"https:\/\/elizabeth-desiderio.ar\/index.php?rest_route=%2Fwp%2Fv2%2Fcomments&post=1484"}],"version-history":[{"count":1,"href":"https:\/\/elizabeth-desiderio.ar\/index.php?rest_route=\/wp\/v2\/pages\/1484\/revisions"}],"predecessor-version":[{"id":1486,"href":"https:\/\/elizabeth-desiderio.ar\/index.php?rest_route=\/wp\/v2\/pages\/1484\/revisions\/1486"}],"wp:attachment":[{"href":"https:\/\/elizabeth-desiderio.ar\/index.php?rest_route=%2Fwp%2Fv2%2Fmedia&parent=1484"}],"curies":[{"name":"wp","href":"https:\/\/api.w.org\/{rel}","templated":true}]}}