{"id":573,"date":"2025-08-17T00:24:09","date_gmt":"2025-08-17T00:24:09","guid":{"rendered":"https:\/\/elizabeth-desiderio.ar\/?page_id=573"},"modified":"2025-08-17T00:33:54","modified_gmt":"2025-08-17T00:33:54","slug":"descodificacion-biologica","status":"publish","type":"page","link":"https:\/\/elizabeth-desiderio.ar\/?page_id=573","title":{"rendered":"Acupuntura Est\u00e9tica Facial Japonesa"},"content":{"rendered":"<div class=\"wp-block-image\">\n<figure class=\"aligncenter size-full is-resized\"><img loading=\"lazy\" decoding=\"async\" width=\"743\" height=\"498\" src=\"https:\/\/elizabeth-desiderio.ar\/wp-content\/uploads\/2025\/08\/image.png\" alt=\"\" class=\"wp-image-1340\" style=\"width:431px;height:auto\" srcset=\"https:\/\/elizabeth-desiderio.ar\/wp-content\/uploads\/2025\/08\/image.png 743w, https:\/\/elizabeth-desiderio.ar\/wp-content\/uploads\/2025\/08\/image-300x201.png 300w\" sizes=\"auto, (max-width: 743px) 100vw, 743px\" \/><\/figure><\/div>\n\n\n<p class=\"has-text-color has-medium-font-size\" style=\"color:#5d7589\"><strong>Belleza facial que nace desde adentro<\/strong><\/p>\n\n\n\n<p class=\"has-text-color has-link-color wp-elements-ff35845b03cd49bd124292e0d8a2ab5b\" style=\"color:#5d7589\">En nuestro centro combinamos t\u00e9cnicas milenarias y productos naturales para que tu rostro luzca <strong>radiante, fresco y rejuvenecido<\/strong>. La protagonista es la <strong>acupuntura est\u00e9tica facial<\/strong>, una t\u00e9cnica suave, indolora y altamente efectiva que <strong>equilibra la energ\u00eda, mejora la circulaci\u00f3n y potencia la regeneraci\u00f3n natural de la piel<\/strong>.<\/p>\n\n\n\n<p class=\"has-text-color has-link-color wp-elements-ef8e2de42d6da8dff28b62f6b4df8eee\" style=\"color:#5d7589\">Para potenciar los resultados, incorporamos:<\/p>\n\n\n\n<ul class=\"wp-block-list\">\n<li class=\"has-text-color has-link-color wp-elements-dc1b589e59139aee00a966ab4e9712b6\" style=\"color:#5d7589\"><strong>Ventosas faciales<\/strong>, que activan la circulaci\u00f3n, liberan tensiones y revitalizan la piel.<\/li>\n\n\n\n<li class=\"has-text-color has-link-color wp-elements-a7a54cad0414ee0499da0b0baf05a547\" style=\"color:#5d7589\"><strong>Gua Sha facial<\/strong>, que relaja m\u00fasculos, suaviza l\u00edneas de expresi\u00f3n y estimula la renovaci\u00f3n celular.<\/li>\n\n\n\n<li class=\"has-text-color has-link-color wp-elements-6c61b321ffcc3ef85586d70cd74adc74\" style=\"color:#5d7589\"><strong>Cosm\u00e9tica natural<\/strong>, dise\u00f1ada para nutrir, proteger y realzar tu belleza de manera saludable, sin qu\u00edmicos agresivos.<\/li>\n<\/ul>\n\n\n\n<hr class=\"wp-block-separator has-alpha-channel-opacity\"\/>\n\n\n\n<h3 class=\"wp-block-heading has-text-color has-link-color wp-elements-948187ce0ef56e53d85e9c02161e6d61\" style=\"color:#5d7589\">Beneficios del tratamiento facial integral<\/h3>\n\n\n\n<p class=\"has-text-color has-link-color wp-elements-4db40a20eef93b17bcd1fddde46fc4ae\" style=\"color:#5d7589\">Con este tratamiento, tu piel y tu rostro experimentan <strong>cambios visibles y profundos<\/strong>:<\/p>\n\n\n\n<ul style=\"color:#5d7589\" class=\"wp-block-list has-text-color has-link-color wp-elements-f4bcc88c2d1de2926fb01e4afdc6166c\">\n<li><strong>Estimula la producci\u00f3n de col\u00e1geno y elastina<\/strong>, manteniendo elasticidad y firmeza.<\/li>\n\n\n\n<li><strong>Rejuvenece el rostro:<\/strong> reduce papada, levanta p\u00e1rpados, difumina arrugas y l\u00edneas de expresi\u00f3n.<\/li>\n\n\n\n<li><strong>Reposiciona la musculatura facial<\/strong> y combate la flacidez, aumentando tonicidad y densidad de los tejidos.<\/li>\n\n\n\n<li><strong>Mejora la circulaci\u00f3n de sangre y linfa<\/strong>, restaurando el brillo saludable de la piel.<\/li>\n\n\n\n<li><strong>Cierra poros y aporta luminosidad en la mirada<\/strong>, relajando los rasgos faciales y eliminando signos de estr\u00e9s.<\/li>\n\n\n\n<li><strong>Optimiza el metabolismo<\/strong>, ayudando a regular peso y mejorar la funci\u00f3n intestinal.<\/li>\n\n\n\n<li><strong>Potencia resultados postprocedimientos<\/strong>, complementando cirug\u00edas faciales, Botox u otros tratamientos cosm\u00e9ticos y favoreciendo una recuperaci\u00f3n m\u00e1s r\u00e1pida.<\/li>\n<\/ul>\n\n\n\n<p class=\"has-text-color has-link-color wp-elements-c92a04a6db57fc5313f4938e60d119f7\" style=\"color:#5d7589\">Adem\u00e1s, la combinaci\u00f3n de <strong>acupuntura est\u00e9tica, ventosas, gua sha y cosm\u00e9tica natural<\/strong> hace que tu belleza exterior refleje el <strong>equilibrio y vitalidad<\/strong> que sent\u00eds por dentro.<\/p>\n\n\n\n<hr class=\"wp-block-separator has-alpha-channel-opacity\"\/>\n\n\n\n<h3 class=\"wp-block-heading has-text-color has-link-color wp-elements-ae095850d79a1ea5e61b68f0dd93ed41\" style=\"color:#5d7589\">Una experiencia facial personalizada<\/h3>\n\n\n\n<p class=\"has-text-color has-link-color wp-elements-3a8b79028daf7ab67f4b30d3fe5d010a\" style=\"color:#5d7589\">Cada sesi\u00f3n es <strong>adaptada a tus necesidades<\/strong>, combinando t\u00e9cnicas y productos naturales para un <strong>tratamiento \u00fanico<\/strong>, que potencia la juventud y armon\u00eda de tu rostro.<\/p>\n\n\n\n<p class=\"has-text-color has-link-color wp-elements-44d0c8d8f2479539a3cde7f1be805eb3\" style=\"color:#5d7589\">\ud83d\udc86\u200d\u2640\ufe0f <strong>Sent\u00ed tu rostro m\u00e1s firme, luminoso y relajado.<\/strong><\/p>\n\n\n\n<p class=\"has-text-color has-link-color has-medium-font-size wp-elements-da4e34abe5de44eb2d55ba70697d9e40\" style=\"color:#5d7589\">\ud83d\udc49 <strong>Consultanos y reserv\u00e1 tu sesi\u00f3n facial hoy mismo.<\/strong><\/p>\n\n\n\n<p><\/p>\n","protected":false},"excerpt":{"rendered":"<p>Belleza facial que nace desde adentro En nuestro centro combinamos t\u00e9cnicas milenarias y productos naturales para que tu rostro luzca radiante, fresco y rejuvenecido. La protagonista es la acupuntura est\u00e9tica facial, una t\u00e9cnica suave, indolora y altamente efectiva que equilibra la energ\u00eda, mejora la circulaci\u00f3n y potencia la regeneraci\u00f3n natural de la piel. Para potenciar&hellip; <br \/> <a class=\"read-more\" href=\"https:\/\/elizabeth-desiderio.ar\/?page_id=573\">Leer m\u00e1s<\/a><\/p>\n","protected":false},"author":1,"featured_media":1340,"parent":0,"menu_order":0,"comment_status":"closed","ping_status":"closed","template":"","meta":{"om_disable_all_campaigns":false,"_monsterinsights_skip_tracking":false,"_monsterinsights_sitenote_active":false,"_monsterinsights_sitenote_note":"","_monsterinsights_sitenote_category":0,"footnotes":""},"class_list":["post-573","page","type-page","status-publish","has-post-thumbnail","hentry"],"aioseo_notices":[],"_links":{"self":[{"href":"https:\/\/elizabeth-desiderio.ar\/index.php?rest_route=\/wp\/v2\/pages\/573","targetHints":{"allow":["GET"]}}],"collection":[{"href":"https:\/\/elizabeth-desiderio.ar\/index.php?rest_route=\/wp\/v2\/pages"}],"about":[{"href":"https:\/\/elizabeth-desiderio.ar\/index.php?rest_route=\/wp\/v2\/types\/page"}],"author":[{"embeddable":true,"href":"https:\/\/elizabeth-desiderio.ar\/index.php?rest_route=\/wp\/v2\/users\/1"}],"replies":[{"embeddable":true,"href":"https:\/\/elizabeth-desiderio.ar\/index.php?rest_route=%2Fwp%2Fv2%2Fcomments&post=573"}],"version-history":[{"count":13,"href":"https:\/\/elizabeth-desiderio.ar\/index.php?rest_route=\/wp\/v2\/pages\/573\/revisions"}],"predecessor-version":[{"id":1370,"href":"https:\/\/elizabeth-desiderio.ar\/index.php?rest_route=\/wp\/v2\/pages\/573\/revisions\/1370"}],"wp:featuredmedia":[{"embeddable":true,"href":"https:\/\/elizabeth-desiderio.ar\/index.php?rest_route=\/wp\/v2\/media\/1340"}],"wp:attachment":[{"href":"https:\/\/elizabeth-desiderio.ar\/index.php?rest_route=%2Fwp%2Fv2%2Fmedia&parent=573"}],"curies":[{"name":"wp","href":"https:\/\/api.w.org\/{rel}","templated":true}]}}