{"id":7,"date":"2020-12-20T18:50:35","date_gmt":"2020-12-20T18:50:35","guid":{"rendered":"http:\/\/elizabeth-desiderio.ar\/?page_id=7"},"modified":"2020-12-22T03:09:27","modified_gmt":"2020-12-22T03:09:27","slug":"contacto","status":"publish","type":"page","link":"https:\/\/elizabeth-desiderio.ar\/?page_id=7","title":{"rendered":"Contacto"},"content":{"rendered":"\n<h2 class=\"wp-block-heading\">Cont\u00e1ctame!!<\/h2>\n\n\n\n<h3 class=\"wp-block-heading\">Completa el formulario de contacto. Te responder\u00e9 con la mayor brevedad posible a la casilla de correo que ingreses aqu\u00ed o al numero de WhatsApp. Si no recibes respuesta, revisa tu carpeta de correo no deseado.<\/h3>\n\n\n","protected":false},"excerpt":{"rendered":"<p>Cont\u00e1ctame!! Completa el formulario de contacto. Te responder\u00e9 con la mayor brevedad posible a la casilla de correo que ingreses aqu\u00ed o al numero de WhatsApp. Si no recibes respuesta, revisa tu carpeta de correo no deseado.<\/p>\n","protected":false},"author":1,"featured_media":78,"parent":0,"menu_order":0,"comment_status":"closed","ping_status":"closed","template":"","meta":{"om_disable_all_campaigns":false,"_monsterinsights_skip_tracking":false,"_monsterinsights_sitenote_active":false,"_monsterinsights_sitenote_note":"","_monsterinsights_sitenote_category":0,"footnotes":""},"class_list":["post-7","page","type-page","status-publish","has-post-thumbnail","hentry"],"aioseo_notices":[],"_links":{"self":[{"href":"https:\/\/elizabeth-desiderio.ar\/index.php?rest_route=\/wp\/v2\/pages\/7","targetHints":{"allow":["GET"]}}],"collection":[{"href":"https:\/\/elizabeth-desiderio.ar\/index.php?rest_route=\/wp\/v2\/pages"}],"about":[{"href":"https:\/\/elizabeth-desiderio.ar\/index.php?rest_route=\/wp\/v2\/types\/page"}],"author":[{"embeddable":true,"href":"https:\/\/elizabeth-desiderio.ar\/index.php?rest_route=\/wp\/v2\/users\/1"}],"replies":[{"embeddable":true,"href":"https:\/\/elizabeth-desiderio.ar\/index.php?rest_route=%2Fwp%2Fv2%2Fcomments&post=7"}],"version-history":[{"count":6,"href":"https:\/\/elizabeth-desiderio.ar\/index.php?rest_route=\/wp\/v2\/pages\/7\/revisions"}],"predecessor-version":[{"id":174,"href":"https:\/\/elizabeth-desiderio.ar\/index.php?rest_route=\/wp\/v2\/pages\/7\/revisions\/174"}],"wp:featuredmedia":[{"embeddable":true,"href":"https:\/\/elizabeth-desiderio.ar\/index.php?rest_route=\/wp\/v2\/media\/78"}],"wp:attachment":[{"href":"https:\/\/elizabeth-desiderio.ar\/index.php?rest_route=%2Fwp%2Fv2%2Fmedia&parent=7"}],"curies":[{"name":"wp","href":"https:\/\/api.w.org\/{rel}","templated":true}]}}